{"id":999,"date":"2023-11-06T11:25:56","date_gmt":"2023-11-06T11:25:56","guid":{"rendered":"https:\/\/elastic-neumann.82-165-29-53.plesk.page\/?post_type=product&#038;p=999"},"modified":"2024-06-06T09:32:05","modified_gmt":"2024-06-06T09:32:05","slug":"pendantifs-1","status":"publish","type":"product","link":"https:\/\/staging-00-20240617-1237.kizacreations.com\/index.php\/produit\/pendantifs-1\/","title":{"rendered":"Palm"},"content":{"rendered":"<p>Appelant le soleil des \u00eeles, nos boucles d&#8217;oreilles dot\u00e9es d&#8217;une feuille de palmier et de la graine de Filao font fureur \u00e0 la p\u00e9riode des beaux jours.<\/p>\n<p>Une nouvelle mani\u00e8re pour nous de faire communier le surcyclage du carton de boite de lait et la nature de la graine.<\/p>\n","protected":false},"excerpt":{"rendered":"<p>Appelant le soleil des \u00eeles, nos boucles d&#8217;oreilles dot\u00e9es d&#8217;une feuille de palmier et de la graine de Filao font fureur \u00e0 la p\u00e9riode des beaux jours. Une nouvelle mani\u00e8re pour nous de faire communier le surcyclage du carton de boite de lait et la nature de la graine.<\/p>\n","protected":false},"featured_media":1601,"comment_status":"open","ping_status":"closed","template":"","meta":[],"product_cat":[77,22,79],"product_tag":[],"class_list":{"0":"post-999","1":"product","2":"type-product","3":"status-publish","4":"has-post-thumbnail","6":"product_cat-bijoux","7":"product_cat-boucles-d-oreilles","8":"product_cat-palm","10":"first","11":"instock","12":"shipping-taxable","13":"purchasable","14":"product-type-variable"},"_links":{"self":[{"href":"https:\/\/staging-00-20240617-1237.kizacreations.com\/index.php\/wp-json\/wp\/v2\/product\/999","targetHints":{"allow":["GET"]}}],"collection":[{"href":"https:\/\/staging-00-20240617-1237.kizacreations.com\/index.php\/wp-json\/wp\/v2\/product"}],"about":[{"href":"https:\/\/staging-00-20240617-1237.kizacreations.com\/index.php\/wp-json\/wp\/v2\/types\/product"}],"replies":[{"embeddable":true,"href":"https:\/\/staging-00-20240617-1237.kizacreations.com\/index.php\/wp-json\/wp\/v2\/comments?post=999"}],"wp:featuredmedia":[{"embeddable":true,"href":"https:\/\/staging-00-20240617-1237.kizacreations.com\/index.php\/wp-json\/wp\/v2\/media\/1601"}],"wp:attachment":[{"href":"https:\/\/staging-00-20240617-1237.kizacreations.com\/index.php\/wp-json\/wp\/v2\/media?parent=999"}],"wp:term":[{"taxonomy":"product_cat","embeddable":true,"href":"https:\/\/staging-00-20240617-1237.kizacreations.com\/index.php\/wp-json\/wp\/v2\/product_cat?post=999"},{"taxonomy":"product_tag","embeddable":true,"href":"https:\/\/staging-00-20240617-1237.kizacreations.com\/index.php\/wp-json\/wp\/v2\/product_tag?post=999"}],"curies":[{"name":"wp","href":"https:\/\/api.w.org\/{rel}","templated":true}]}}